Last updated on 2025-10-23 02:50:03 CEST.
Flavor | Version | Tinstall | Tcheck | Ttotal | Status | Flags |
---|---|---|---|---|---|---|
r-devel-linux-x86_64-debian-clang | 0.1.3 | 3.66 | 33.13 | 36.79 | NOTE | |
r-devel-linux-x86_64-debian-gcc | 0.1.3 | 2.73 | 26.19 | 28.92 | OK | |
r-devel-linux-x86_64-fedora-clang | 0.1.3 | 52.20 | OK | |||
r-devel-linux-x86_64-fedora-gcc | 0.1.3 | 49.88 | OK | |||
r-devel-windows-x86_64 | 0.1.3 | 5.00 | 48.00 | 53.00 | OK | |
r-patched-linux-x86_64 | 0.1.3 | 3.77 | 29.57 | 33.34 | OK | |
r-release-linux-x86_64 | 0.1.3 | 3.51 | 29.55 | 33.06 | OK | |
r-release-macos-arm64 | 0.1.3 | 2.00 | 18.00 | 20.00 | OK | |
r-release-macos-x86_64 | 0.1.3 | 3.00 | 28.00 | 31.00 | OK | |
r-release-windows-x86_64 | 0.1.3 | 6.00 | 48.00 | 54.00 | OK | |
r-oldrel-macos-arm64 | 0.1.3 | 2.00 | 16.00 | 18.00 | OK | |
r-oldrel-macos-x86_64 | 0.1.3 | 2.00 | 26.00 | 28.00 | OK | |
r-oldrel-windows-x86_64 | 0.1.3 | 7.00 | 56.00 | 63.00 | OK |
Version: 0.1.3
Check: HTML version of manual
Result: NOTE
Found the following HTML validation problems:
pairsD3Output.html:54:1 (pairsD3Output.Rd:14): Warning: missing </ul> before </div>
renderPairsD3.html:54:1 (renderPairsD3.Rd:14): Warning: missing </ul> before </div>
savePairs.html:59:1 (savePairs.Rd:17): Warning: missing </ul> before </div>
Flavor: r-devel-linux-x86_64-debian-clang