Last updated on 2025-10-25 01:51:11 CEST.
| Flavor | Version | Tinstall | Tcheck | Ttotal | Status | Flags |
|---|---|---|---|---|---|---|
| r-devel-linux-x86_64-debian-clang | 1.6.0 | 4.07 | 57.06 | 61.13 | NOTE | |
| r-devel-linux-x86_64-debian-gcc | 1.6.0 | 2.91 | 41.21 | 44.12 | NOTE | |
| r-devel-linux-x86_64-fedora-clang | 1.6.0 | 88.49 | OK | |||
| r-devel-linux-x86_64-fedora-gcc | 1.6.0 | 83.94 | OK | |||
| r-devel-windows-x86_64 | 1.6.0 | 6.00 | 72.00 | 78.00 | OK | |
| r-patched-linux-x86_64 | 1.6.0 | 3.64 | 51.05 | 54.69 | OK | |
| r-release-linux-x86_64 | 1.6.0 | 4.12 | 51.87 | 55.99 | OK | |
| r-release-macos-arm64 | 1.6.0 | 2.00 | 32.00 | 34.00 | OK | |
| r-release-macos-x86_64 | 1.6.0 | 4.00 | 44.00 | 48.00 | OK | |
| r-release-windows-x86_64 | 1.6.0 | 7.00 | 73.00 | 80.00 | OK | |
| r-oldrel-macos-arm64 | 1.6.0 | 2.00 | 26.00 | 28.00 | OK | |
| r-oldrel-macos-x86_64 | 1.6.0 | 3.00 | 44.00 | 47.00 | OK | |
| r-oldrel-windows-x86_64 | 1.6.0 | 9.00 | 83.00 | 92.00 | OK |
Version: 1.6.0
Check: CRAN incoming feasibility
Result: NOTE
Maintainer: ‘Emil Hvitfeldt <emilhhvitfeldt@gmail.com>’
No Authors@R field in DESCRIPTION.
Please add one, modifying
Authors@R: c(person(given = c("See", "AUTHORS"),
family = "file.",
role = "aut"),
person(given = "Emil",
family = "Hvitfeldt",
role = "cre",
email = "emilhhvitfeldt@gmail.com"))
as necessary.
Flavors: r-devel-linux-x86_64-debian-clang, r-devel-linux-x86_64-debian-gcc