Last updated on 2025-10-23 02:50:03 CEST.
Flavor | Version | Tinstall | Tcheck | Ttotal | Status | Flags |
---|---|---|---|---|---|---|
r-devel-linux-x86_64-debian-clang | 4.4.1 | 55.18 | 60.05 | 115.23 | NOTE | |
r-devel-linux-x86_64-debian-gcc | 4.4.1 | 38.54 | 44.69 | 83.23 | OK | |
r-devel-linux-x86_64-fedora-clang | 4.4.1 | 136.00 | 72.64 | 208.64 | OK | |
r-devel-linux-x86_64-fedora-gcc | 4.4.1 | 80.00 | 107.48 | 187.48 | OK | |
r-devel-windows-x86_64 | 4.4.1 | 102.00 | 92.00 | 194.00 | OK | |
r-patched-linux-x86_64 | 4.4.1 | 57.09 | 56.23 | 113.32 | OK | |
r-release-linux-x86_64 | 4.4.1 | 62.37 | 57.03 | 119.40 | OK | |
r-release-macos-arm64 | 4.4.1 | 23.00 | 26.00 | 49.00 | OK | |
r-release-macos-x86_64 | 4.4.1 | 23.00 | 42.00 | 65.00 | OK | |
r-release-windows-x86_64 | 4.4.1 | 107.00 | 91.00 | 198.00 | OK | |
r-oldrel-macos-arm64 | 4.4.1 | 22.00 | 32.00 | 54.00 | NOTE | |
r-oldrel-macos-x86_64 | 4.4.1 | 22.00 | 49.00 | 71.00 | NOTE | |
r-oldrel-windows-x86_64 | 4.4.1 | 118.00 | 111.00 | 229.00 | OK |
Version: 4.4.1
Check: HTML version of manual
Result: NOTE
Found the following HTML validation problems:
get.pc.html:51:1 (get.pc.Rd:12): Warning: missing </ul> before </div>
hist_plot.html:52:1 (hist_plot.Rd:13): Warning: missing </ul> before </div>
manhattan_plot.html:68:1 (manhattan_plot.Rd:23): Warning: missing </ul> before </div>
ped2pcadapt.html:50:1 (ped2pcadapt.Rd:12): Warning: missing </ul> before </div>
print_convert.html:62:1 (print_convert.Rd:18): Warning: missing </ul> before </div>
qq_plot.html:50:1 (qq_plot.Rd:12): Warning: missing </ul> before </div>
read.pcadapt.html:96:1 (read.pcadapt.Rd:43): Warning: missing </ul> before </div>
score_plot.html:70:1 (score_plot.Rd:25): Warning: missing </ul> before </div>
scree_plot.html:52:1 (scree_plot.Rd:12): Warning: missing </ul> before </div>
vcf2pcadapt.html:57:1 (vcf2pcadapt.Rd:15): Warning: missing </ul> before </div>
vcf_convert.html:56:1 (vcf_convert.Rd:15): Warning: missing </ul> before </div>
Flavor: r-devel-linux-x86_64-debian-clang
Version: 4.4.1
Check: installed package size
Result: NOTE
installed size is 6.4Mb
sub-directories of 1Mb or more:
extdata 2.7Mb
libs 3.0Mb
Flavors: r-oldrel-macos-arm64, r-oldrel-macos-x86_64