Last updated on 2025-04-15 01:50:40 CEST.
Flavor | Version | Tinstall | Tcheck | Ttotal | Status | Flags |
---|---|---|---|---|---|---|
r-devel-linux-x86_64-debian-clang | 1.0 | 1.51 | 21.32 | 22.83 | OK | |
r-devel-linux-x86_64-debian-gcc | 1.0 | 1.52 | 18.70 | 20.22 | OK | |
r-devel-linux-x86_64-fedora-clang | 1.0 | 39.29 | OK | |||
r-devel-linux-x86_64-fedora-gcc | 1.0 | 37.62 | OK | |||
r-devel-windows-x86_64 | 1.0 | 3.00 | 47.00 | 50.00 | OK | |
r-patched-linux-x86_64 | 1.0 | 1.70 | 21.42 | 23.12 | OK | |
r-release-linux-x86_64 | 1.0 | 1.62 | 21.43 | 23.05 | OK | |
r-release-macos-arm64 | 1.0 | 19.00 | OK | |||
r-release-macos-x86_64 | 1.0 | 27.00 | OK | |||
r-release-windows-x86_64 | 1.0 | 3.00 | 47.00 | 50.00 | OK | |
r-oldrel-macos-arm64 | 1.0 | 17.00 | NOTE | |||
r-oldrel-macos-x86_64 | 1.0 | 24.00 | NOTE | |||
r-oldrel-windows-x86_64 | 1.0 | 2.00 | 49.00 | 51.00 | NOTE |
Version: 1.0
Check: package dependencies
Result: NOTE
Package suggested but not available for checking: ‘PythonInR’
Flavors: r-oldrel-macos-arm64, r-oldrel-macos-x86_64, r-oldrel-windows-x86_64