Last updated on 2025-05-01 01:49:41 CEST.
Flavor | Version | Tinstall | Tcheck | Ttotal | Status | Flags |
---|---|---|---|---|---|---|
r-devel-linux-x86_64-debian-clang | 1.14 | 6.19 | 24.71 | 30.90 | OK | |
r-devel-linux-x86_64-debian-gcc | 1.14 | 5.38 | 17.91 | 23.29 | OK | |
r-devel-linux-x86_64-fedora-clang | 1.14 | 49.19 | NOTE | |||
r-devel-linux-x86_64-fedora-gcc | 1.14 | 48.44 | NOTE | |||
r-devel-windows-x86_64 | 1.14 | 12.00 | 52.00 | 64.00 | OK | |
r-patched-linux-x86_64 | 1.14 | 7.20 | 22.85 | 30.05 | OK | |
r-release-linux-x86_64 | 1.14 | 6.86 | 23.75 | 30.61 | OK | |
r-release-macos-arm64 | 1.14 | 21.00 | OK | |||
r-release-macos-x86_64 | 1.14 | 35.00 | OK | |||
r-release-windows-x86_64 | 1.14 | 13.00 | 55.00 | 68.00 | OK | |
r-oldrel-macos-arm64 | 1.14 | 21.00 | OK | |||
r-oldrel-macos-x86_64 | 1.14 | 36.00 | OK | |||
r-oldrel-windows-x86_64 | 1.14 | 14.00 | 52.00 | 66.00 | OK |
Version: 1.14
Check: dependencies in R code
Result: NOTE
Namespace in Imports field not imported from: ‘Rdpack’
All declared Imports should be used.
Flavors: r-devel-linux-x86_64-fedora-clang, r-devel-linux-x86_64-fedora-gcc