Last updated on 2025-10-25 01:51:12 CEST.
| Flavor | Version | Tinstall | Tcheck | Ttotal | Status | Flags |
|---|---|---|---|---|---|---|
| r-devel-linux-x86_64-debian-clang | 0.4.0 | 5.85 | 55.67 | 61.52 | NOTE | |
| r-devel-linux-x86_64-debian-gcc | 0.4.0 | 4.29 | 42.88 | 47.17 | NOTE | |
| r-devel-linux-x86_64-fedora-clang | 0.4.0 | 13.00 | 80.10 | 93.10 | OK | |
| r-devel-linux-x86_64-fedora-gcc | 0.4.0 | 14.00 | 90.90 | 104.90 | OK | |
| r-devel-windows-x86_64 | 0.4.0 | 7.00 | 72.00 | 79.00 | OK | |
| r-patched-linux-x86_64 | 0.4.0 | 5.92 | 51.72 | 57.64 | OK | |
| r-release-linux-x86_64 | 0.4.0 | 5.75 | 51.68 | 57.43 | OK | |
| r-release-macos-arm64 | 0.4.0 | 3.00 | 35.00 | 38.00 | OK | |
| r-release-macos-x86_64 | 0.4.0 | 7.00 | 77.00 | 84.00 | OK | |
| r-release-windows-x86_64 | 0.4.0 | 9.00 | 77.00 | 86.00 | OK | |
| r-oldrel-macos-arm64 | 0.4.0 | 3.00 | 34.00 | 37.00 | OK | |
| r-oldrel-macos-x86_64 | 0.4.0 | 4.00 | 50.00 | 54.00 | OK | |
| r-oldrel-windows-x86_64 | 0.4.0 | 11.00 | 89.00 | 100.00 | OK |
Version: 0.4.0
Check: CRAN incoming feasibility
Result: NOTE
Maintainer: ‘Martin Stingl <martin.stingl@dfv.de>’
No Authors@R field in DESCRIPTION.
Please add one, modifying
Authors@R: person(given = "Martin",
family = "Stingl",
role = c("aut", "cre"),
email = "martin.stingl@dfv.de")
as necessary.
Flavors: r-devel-linux-x86_64-debian-clang, r-devel-linux-x86_64-debian-gcc