CRAN Package Check Results for Package pkgverse

Last updated on 2025-10-26 01:49:57 CEST.

Flavor Version Tinstall Tcheck Ttotal Status Flags
r-devel-linux-x86_64-debian-clang 0.0.1 1.94 20.64 22.58 OK
r-devel-linux-x86_64-debian-gcc 0.0.1 1.39 16.98 18.37 OK
r-devel-linux-x86_64-fedora-clang 0.0.1 31.21 OK
r-devel-linux-x86_64-fedora-gcc 0.0.1 30.59 OK
r-devel-windows-x86_64 0.0.1 4.00 38.00 42.00 OK
r-patched-linux-x86_64 0.0.1 1.95 18.86 20.81 OK
r-release-linux-x86_64 0.0.1 1.85 18.61 20.46 OK
r-release-macos-arm64 0.0.1 1.00 15.00 16.00 OK
r-release-macos-x86_64 0.0.1 2.00 21.00 23.00 OK
r-release-windows-x86_64 0.0.1 5.00 39.00 44.00 OK
r-oldrel-macos-arm64 0.0.1 1.00 14.00 15.00 NOTE
r-oldrel-macos-x86_64 0.0.1 1.00 20.00 21.00 NOTE
r-oldrel-windows-x86_64 0.0.1 4.00 44.00 48.00 NOTE

Check Details

Version: 0.0.1
Check: LazyData
Result: NOTE 'LazyData' is specified without a 'data' directory Flavors: r-oldrel-macos-arm64, r-oldrel-macos-x86_64, r-oldrel-windows-x86_64