Last updated on 2025-10-22 01:51:34 CEST.
Flavor | Version | Tinstall | Tcheck | Ttotal | Status | Flags |
---|---|---|---|---|---|---|
r-devel-linux-x86_64-debian-clang | 0.3.0 | 6.66 | 37.61 | 44.27 | NOTE | |
r-devel-linux-x86_64-debian-gcc | 0.3.0 | 5.37 | 29.62 | 34.99 | NOTE | |
r-devel-linux-x86_64-fedora-clang | 0.3.0 | 13.00 | 52.00 | 65.00 | NOTE | |
r-devel-linux-x86_64-fedora-gcc | 0.3.0 | 14.00 | 48.83 | 62.83 | NOTE | |
r-devel-windows-x86_64 | 0.3.0 | 8.00 | 54.00 | 62.00 | NOTE | |
r-patched-linux-x86_64 | 0.3.0 | 7.09 | 35.20 | 42.29 | NOTE | |
r-release-linux-x86_64 | 0.3.0 | 5.90 | 34.77 | 40.67 | NOTE | |
r-release-macos-arm64 | 0.3.0 | 5.00 | 24.00 | 29.00 | NOTE | |
r-release-macos-x86_64 | 0.3.0 | 7.00 | 37.00 | 44.00 | NOTE | |
r-release-windows-x86_64 | 0.3.0 | 9.00 | 56.00 | 65.00 | NOTE | |
r-oldrel-macos-arm64 | 0.3.0 | 5.00 | 21.00 | 26.00 | NOTE | |
r-oldrel-macos-x86_64 | 0.3.0 | 6.00 | 28.00 | 34.00 | NOTE | |
r-oldrel-windows-x86_64 | 0.3.0 | 11.00 | 63.00 | 74.00 | NOTE |
Version: 0.3.0
Check: Rd files
Result: NOTE
checkRd: (-1) plu_more.Rd:16: Lost braces; missing escapes or markup?
16 | Additional arguments are replaced with "{n} more".
| ^
Flavors: r-devel-linux-x86_64-debian-clang, r-devel-linux-x86_64-debian-gcc, r-devel-linux-x86_64-fedora-clang, r-devel-linux-x86_64-fedora-gcc, r-devel-windows-x86_64, r-patched-linux-x86_64, r-release-linux-x86_64, r-release-macos-arm64, r-release-macos-x86_64, r-release-windows-x86_64, r-oldrel-macos-arm64, r-oldrel-macos-x86_64, r-oldrel-windows-x86_64