Last updated on 2025-10-24 01:50:35 CEST.
| Flavor | Version | Tinstall | Tcheck | Ttotal | Status | Flags |
|---|---|---|---|---|---|---|
| r-devel-linux-x86_64-debian-clang | 0.1.3 | 84.84 | 50.91 | 135.75 | OK | |
| r-devel-linux-x86_64-debian-gcc | 0.1.3 | 63.45 | 53.49 | 116.94 | OK | |
| r-devel-linux-x86_64-fedora-clang | 0.1.3 | 100.00 | 123.99 | 223.99 | OK | |
| r-devel-linux-x86_64-fedora-gcc | 0.1.3 | 199.00 | 46.34 | 245.34 | OK | |
| r-devel-windows-x86_64 | 0.1.3 | 85.00 | 87.00 | 172.00 | OK | |
| r-patched-linux-x86_64 | 0.1.3 | 84.96 | 53.25 | 138.21 | OK | |
| r-release-linux-x86_64 | 0.1.3 | 88.30 | 53.21 | 141.51 | OK | |
| r-release-macos-arm64 | 0.1.3 | 35.00 | 34.00 | 69.00 | OK | |
| r-release-macos-x86_64 | 0.1.3 | 39.00 | 47.00 | 86.00 | OK | |
| r-release-windows-x86_64 | 0.1.3 | 85.00 | 88.00 | 173.00 | OK | |
| r-oldrel-macos-arm64 | 0.1.3 | 40.00 | 34.00 | 74.00 | NOTE | |
| r-oldrel-macos-x86_64 | 0.1.3 | 32.00 | 45.00 | 77.00 | NOTE | |
| r-oldrel-windows-x86_64 | 0.1.3 | 102.00 | 105.00 | 207.00 | OK |
Version: 0.1.3
Check: installed package size
Result: NOTE
installed size is 19.4Mb
sub-directories of 1Mb or more:
libs 19.0Mb
Flavors: r-oldrel-macos-arm64, r-oldrel-macos-x86_64