Last updated on 2025-10-26 01:49:57 CEST.
| Flavor | Version | Tinstall | Tcheck | Ttotal | Status | Flags |
|---|---|---|---|---|---|---|
| r-devel-linux-x86_64-debian-clang | 1.0.2 | 25.45 | 56.96 | 82.41 | NOTE | |
| r-devel-linux-x86_64-debian-gcc | 1.0.2 | 15.09 | 37.56 | 52.65 | NOTE | |
| r-devel-linux-x86_64-fedora-clang | 1.0.2 | 54.00 | 84.81 | 138.81 | OK | |
| r-devel-linux-x86_64-fedora-gcc | 1.0.2 | 62.00 | 69.61 | 131.61 | OK | |
| r-devel-windows-x86_64 | 1.0.2 | 29.00 | 88.00 | 117.00 | OK | |
| r-patched-linux-x86_64 | 1.0.2 | 24.63 | 52.59 | 77.22 | OK | |
| r-release-linux-x86_64 | 1.0.2 | 25.74 | 52.68 | 78.42 | OK | |
| r-release-macos-arm64 | 1.0.2 | 12.00 | 26.00 | 38.00 | OK | |
| r-release-macos-x86_64 | 1.0.2 | 23.00 | 43.00 | 66.00 | OK | |
| r-release-windows-x86_64 | 1.0.2 | 28.00 | 88.00 | 116.00 | OK | |
| r-oldrel-macos-arm64 | 1.0.2 | 10.00 | 25.00 | 35.00 | OK | |
| r-oldrel-macos-x86_64 | 1.0.2 | 27.00 | 78.00 | 105.00 | OK | |
| r-oldrel-windows-x86_64 | 1.0.2 | 30.00 | 9.00 | 39.00 | ERROR |
Version: 1.0.2
Check: CRAN incoming feasibility
Result: NOTE
Maintainer: ‘Lenard Dome <lenarddome@gmail.com>’
Found the following \keyword or \concept entries
which likely give several index terms:
File ‘psp.Rd’:
\keyword{computational modelling; parameter space [TRUNCATED]
File ‘pspGlobal.Rd’:
\keyword{computational modelling; parameter space [TRUNCATED]
File ‘psp_global.Rd’:
\keyword{computational modelling; parameter space; [TRUNCATED]
Flavors: r-devel-linux-x86_64-debian-clang, r-devel-linux-x86_64-debian-gcc
Version: 1.0.2
Check: whether package can be installed
Result: ERROR
Installation failed.
Flavor: r-oldrel-windows-x86_64