Last updated on 2025-10-30 01:50:12 CET.
| Flavor | Version | Tinstall | Tcheck | Ttotal | Status | Flags | 
|---|---|---|---|---|---|---|
| r-devel-linux-x86_64-debian-clang | 0.2.0 | 2.80 | 26.04 | 28.84 | NOTE | |
| r-devel-linux-x86_64-debian-gcc | 0.2.0 | 1.95 | 20.35 | 22.30 | NOTE | |
| r-devel-linux-x86_64-fedora-clang | 0.2.0 | 42.51 | OK | |||
| r-devel-linux-x86_64-fedora-gcc | 0.2.0 | 41.78 | OK | |||
| r-devel-windows-x86_64 | 0.2.0 | 4.00 | 44.00 | 48.00 | OK | |
| r-patched-linux-x86_64 | 0.2.0 | 3.11 | 24.73 | 27.84 | OK | |
| r-release-linux-x86_64 | 0.2.0 | 2.66 | 24.90 | 27.56 | OK | |
| r-release-macos-arm64 | 0.2.0 | 1.00 | 17.00 | 18.00 | OK | |
| r-release-macos-x86_64 | 0.2.0 | 2.00 | 25.00 | 27.00 | OK | |
| r-release-windows-x86_64 | 0.2.0 | 6.00 | 49.00 | 55.00 | OK | |
| r-oldrel-macos-arm64 | 0.2.0 | 1.00 | 16.00 | 17.00 | OK | |
| r-oldrel-macos-x86_64 | 0.2.0 | 2.00 | 22.00 | 24.00 | OK | |
| r-oldrel-windows-x86_64 | 0.2.0 | 6.00 | 52.00 | 58.00 | OK | 
Version: 0.2.0
Check: CRAN incoming feasibility
Result: NOTE
  Maintainer: ‘Joachim Zuckarelli <joachim@zuckarelli.de>’
  
  No Authors@R field in DESCRIPTION.
  Please add one, modifying
    Authors@R: person(given = "Joachim",
                      family = "Zuckarelli",
                      role = c("aut", "cre"),
                      email = "joachim@zuckarelli.de")
  as necessary.
  
  Package CITATION file contains call(s) to old-style citEntry().  Please
  use bibentry() instead.
Flavors: r-devel-linux-x86_64-debian-clang, r-devel-linux-x86_64-debian-gcc