Last updated on 2025-10-30 01:50:12 CET.
| Flavor | Version | Tinstall | Tcheck | Ttotal | Status | Flags | 
|---|---|---|---|---|---|---|
| r-devel-linux-x86_64-debian-clang | 1.1.9 | 3.05 | 53.60 | 56.65 | OK | |
| r-devel-linux-x86_64-debian-gcc | 1.1.9 | 2.48 | 40.34 | 42.82 | OK | |
| r-devel-linux-x86_64-fedora-clang | 1.1.9 | 85.28 | NOTE | |||
| r-devel-linux-x86_64-fedora-gcc | 1.1.9 | 15.00 | 88.26 | 103.26 | NOTE | |
| r-devel-windows-x86_64 | 1.1.9 | 6.00 | 71.00 | 77.00 | OK | |
| r-patched-linux-x86_64 | 1.1.9 | 3.35 | 50.57 | 53.92 | OK | |
| r-release-linux-x86_64 | 1.1.9 | 3.10 | 50.62 | 53.72 | OK | |
| r-release-macos-arm64 | 1.1.9 | 2.00 | 35.00 | 37.00 | OK | |
| r-release-macos-x86_64 | 1.1.9 | 3.00 | 55.00 | 58.00 | OK | |
| r-release-windows-x86_64 | 1.1.9 | 8.00 | 74.00 | 82.00 | OK | |
| r-oldrel-macos-arm64 | 1.1.9 | 2.00 | 31.00 | 33.00 | NOTE | |
| r-oldrel-macos-x86_64 | 1.1.9 | 2.00 | 45.00 | 47.00 | NOTE | |
| r-oldrel-windows-x86_64 | 1.1.9 | 7.00 | 86.00 | 93.00 | NOTE | 
Version: 1.1.9
Check: dependencies in R code
Result: NOTE
  Namespaces in Imports field not imported from:
    ‘Hmisc’ ‘car’ ‘dplyr’ ‘grid’ ‘gridExtra’ ‘knitr’ ‘lmerTest’ ‘tidyr’
    All declared Imports should be used.
Flavors: r-devel-linux-x86_64-fedora-clang, r-devel-linux-x86_64-fedora-gcc
Version: 1.1.9
Check: installed package size
Result: NOTE
    installed size is  5.7Mb
    sub-directories of 1Mb or more:
      doc   5.5Mb
Flavors: r-oldrel-macos-arm64, r-oldrel-macos-x86_64, r-oldrel-windows-x86_64