Last updated on 2025-10-25 01:51:13 CEST.
| Flavor | Version | Tinstall | Tcheck | Ttotal | Status | Flags |
|---|---|---|---|---|---|---|
| r-devel-linux-x86_64-debian-clang | 1.2.0 | 4.77 | 32.95 | 37.72 | NOTE | |
| r-devel-linux-x86_64-debian-gcc | 1.2.0 | 3.04 | 25.02 | 28.06 | NOTE | |
| r-devel-linux-x86_64-fedora-clang | 1.2.0 | 12.00 | 45.58 | 57.58 | OK | |
| r-devel-linux-x86_64-fedora-gcc | 1.2.0 | 52.55 | OK | |||
| r-devel-windows-x86_64 | 1.2.0 | 5.00 | 49.00 | 54.00 | OK | |
| r-patched-linux-x86_64 | 1.2.0 | 5.11 | 31.20 | 36.31 | OK | |
| r-release-linux-x86_64 | 1.2.0 | 4.55 | 30.78 | 35.33 | OK | |
| r-release-macos-arm64 | 1.2.0 | 2.00 | 20.00 | 22.00 | OK | |
| r-release-macos-x86_64 | 1.2.0 | 4.00 | 31.00 | 35.00 | OK | |
| r-release-windows-x86_64 | 1.2.0 | 6.00 | 50.00 | 56.00 | OK | |
| r-oldrel-macos-arm64 | 1.2.0 | 2.00 | 18.00 | 20.00 | NOTE | |
| r-oldrel-macos-x86_64 | 1.2.0 | 3.00 | 26.00 | 29.00 | NOTE | |
| r-oldrel-windows-x86_64 | 1.2.0 | 8.00 | 55.00 | 63.00 | NOTE |
Version: 1.2.0
Check: CRAN incoming feasibility
Result: NOTE
Maintainer: ‘Solveig Pospiech <s.pospiech@gmx.de>’
No Authors@R field in DESCRIPTION.
Please add one, modifying
Authors@R: c(person(given = "Solveig",
family = "Pospiech",
role = c("aut", "cre"),
email = "s.pospiech@gmx.de"),
person(given = "Wiebke",
family = "Fahlbusch",
role = "ctb"))
as necessary.
Flavors: r-devel-linux-x86_64-debian-clang, r-devel-linux-x86_64-debian-gcc
Version: 1.2.0
Check: LazyData
Result: NOTE
'LazyData' is specified without a 'data' directory
Flavors: r-oldrel-macos-arm64, r-oldrel-macos-x86_64, r-oldrel-windows-x86_64