Last updated on 2025-10-26 01:49:58 CEST.
| Flavor | Version | Tinstall | Tcheck | Ttotal | Status | Flags |
|---|---|---|---|---|---|---|
| r-devel-linux-x86_64-debian-clang | 0.2.4 | 121.98 | 140.16 | 262.14 | OK | |
| r-devel-linux-x86_64-debian-gcc | 0.2.4 | 86.09 | 96.79 | 182.88 | OK | |
| r-devel-linux-x86_64-fedora-clang | 0.2.4 | 336.00 | 139.71 | 475.71 | OK | |
| r-devel-linux-x86_64-fedora-gcc | 0.2.4 | 268.00 | 194.96 | 462.96 | OK | |
| r-devel-windows-x86_64 | 0.2.4 | 168.00 | 185.00 | 353.00 | OK | |
| r-patched-linux-x86_64 | 0.2.4 | 123.94 | 132.42 | 256.36 | OK | |
| r-release-linux-x86_64 | 0.2.4 | 127.89 | 131.91 | 259.80 | OK | |
| r-release-macos-arm64 | 0.2.4 | 54.00 | 60.00 | 114.00 | OK | |
| r-release-macos-x86_64 | 0.2.4 | 71.00 | 116.00 | 187.00 | OK | |
| r-release-windows-x86_64 | 0.2.4 | 175.00 | 188.00 | 363.00 | OK | |
| r-oldrel-macos-arm64 | 0.2.4 | 47.00 | 62.00 | 109.00 | NOTE | |
| r-oldrel-macos-x86_64 | 0.2.4 | 73.00 | 110.00 | 183.00 | NOTE | |
| r-oldrel-windows-x86_64 | 0.2.4 | 200.00 | 236.00 | 436.00 | OK |
Version: 0.2.4
Check: installed package size
Result: NOTE
installed size is 16.2Mb
sub-directories of 1Mb or more:
libs 15.2Mb
Flavors: r-oldrel-macos-arm64, r-oldrel-macos-x86_64