Last updated on 2025-10-25 01:51:14 CEST.
| Flavor | Version | Tinstall | Tcheck | Ttotal | Status | Flags |
|---|---|---|---|---|---|---|
| r-devel-linux-x86_64-debian-clang | 0.1.1 | 4.27 | 132.68 | 136.95 | NOTE | |
| r-devel-linux-x86_64-debian-gcc | 0.1.1 | 3.54 | 95.82 | 99.36 | NOTE | |
| r-devel-linux-x86_64-fedora-clang | 0.1.1 | 16.00 | 185.97 | 201.97 | OK | |
| r-devel-linux-x86_64-fedora-gcc | 0.1.1 | 217.39 | OK | |||
| r-devel-windows-x86_64 | 0.1.1 | 6.00 | 129.00 | 135.00 | OK | |
| r-patched-linux-x86_64 | 0.1.1 | 4.51 | 120.71 | 125.22 | OK | |
| r-release-linux-x86_64 | 0.1.1 | 3.77 | 121.71 | 125.48 | OK | |
| r-release-macos-arm64 | 0.1.1 | 2.00 | 61.00 | 63.00 | OK | |
| r-release-macos-x86_64 | 0.1.1 | 4.00 | 134.00 | 138.00 | OK | |
| r-release-windows-x86_64 | 0.1.1 | 7.00 | 131.00 | 138.00 | OK | |
| r-oldrel-macos-arm64 | 0.1.1 | 2.00 | 65.00 | 67.00 | OK | |
| r-oldrel-macos-x86_64 | 0.1.1 | 4.00 | 133.00 | 137.00 | OK | |
| r-oldrel-windows-x86_64 | 0.1.1 | 8.00 | 166.00 | 174.00 | OK |
Version: 0.1.1
Check: CRAN incoming feasibility
Result: NOTE
Maintainer: ‘Herdiantri Sufriyana <herdi@tmu.edu.tw>’
The Description field contains
<https://htmlpreview.github.io/?https://github.com/herdiantrisufriyana/rcausim/blob/master/doc/causal_simulation_exemplar.html>.
Please enclose URLs in angle brackets (<...>).
Flavors: r-devel-linux-x86_64-debian-clang, r-devel-linux-x86_64-debian-gcc