Last updated on 2025-10-24 01:50:37 CEST.
| Flavor | Version | Tinstall | Tcheck | Ttotal | Status | Flags |
|---|---|---|---|---|---|---|
| r-devel-linux-x86_64-debian-clang | 2.0.4 | 10.03 | 35.61 | 45.64 | NOTE | |
| r-devel-linux-x86_64-debian-gcc | 2.0.4 | 7.17 | 29.17 | 36.34 | NOTE | |
| r-devel-linux-x86_64-fedora-clang | 2.0.4 | 28.00 | 51.20 | 79.20 | OK | |
| r-devel-linux-x86_64-fedora-gcc | 2.0.4 | 26.00 | 64.16 | 90.16 | OK | |
| r-devel-windows-x86_64 | 2.0.4 | 15.00 | 74.00 | 89.00 | OK | |
| r-patched-linux-x86_64 | 2.0.4 | 10.96 | 34.12 | 45.08 | OK | |
| r-release-linux-x86_64 | 2.0.4 | 9.20 | 34.18 | 43.38 | OK | |
| r-release-macos-arm64 | 2.0.4 | 7.00 | 53.00 | 60.00 | OK | |
| r-release-macos-x86_64 | 2.0.4 | 9.00 | 50.00 | 59.00 | OK | |
| r-release-windows-x86_64 | 2.0.4 | 15.00 | 78.00 | 93.00 | OK | |
| r-oldrel-macos-arm64 | 2.0.4 | 6.00 | 39.00 | 45.00 | OK | |
| r-oldrel-macos-x86_64 | 2.0.4 | 8.00 | 40.00 | 48.00 | OK | |
| r-oldrel-windows-x86_64 | 2.0.4 | 19.00 | 90.00 | 109.00 | OK |
Version: 2.0.4
Check: CRAN incoming feasibility
Result: NOTE
Maintainer: ‘Os Keyes <ironholds@gmail.com>’
No Authors@R field in DESCRIPTION.
Please add one, modifying
Authors@R: person(given = "Os",
family = "Keyes",
role = c("aut", "cre"),
email = "ironholds@gmail.com")
as necessary.
Flavors: r-devel-linux-x86_64-debian-clang, r-devel-linux-x86_64-debian-gcc