CRAN Package Check Results for Package reinstallr

Last updated on 2025-04-30 02:50:49 CEST.

Flavor Version Tinstall Tcheck Ttotal Status Flags
r-devel-linux-x86_64-debian-clang 0.1.5 1.67 18.91 20.58 NOTE
r-devel-linux-x86_64-debian-gcc 0.1.5 1.30 15.39 16.69 NOTE
r-devel-linux-x86_64-fedora-clang 0.1.5 32.79 OK
r-devel-linux-x86_64-fedora-gcc 0.1.5 43.26 OK
r-devel-windows-x86_64 0.1.5 3.00 42.00 45.00 OK
r-patched-linux-x86_64 0.1.5 1.60 18.36 19.96 OK
r-release-linux-x86_64 0.1.5 1.47 18.50 19.97 OK
r-release-macos-arm64 0.1.5 18.00 OK
r-release-macos-x86_64 0.1.5 35.00 OK
r-release-windows-x86_64 0.1.5 3.00 43.00 46.00 OK
r-oldrel-macos-arm64 0.1.5 21.00 OK
r-oldrel-macos-x86_64 0.1.5 31.00 OK
r-oldrel-windows-x86_64 0.1.5 3.00 41.00 44.00 OK

Check Details

Version: 0.1.5
Check: CRAN incoming feasibility
Result: NOTE Maintainer: ‘Calli Gross <calli@calligross.de>’ No Authors@R field in DESCRIPTION. Please add one, modifying Authors@R: person(given = "Calli", family = "Gross", role = c("aut", "cre"), email = "calli@calligross.de") as necessary. Flavors: r-devel-linux-x86_64-debian-clang, r-devel-linux-x86_64-debian-gcc