Last updated on 2025-04-28 01:49:55 CEST.
Flavor | Version | Tinstall | Tcheck | Ttotal | Status | Flags |
---|---|---|---|---|---|---|
r-devel-linux-x86_64-debian-clang | 2.1.2 | 17.19 | 241.51 | 258.70 | OK | |
r-devel-linux-x86_64-debian-gcc | 2.1.2 | 10.92 | 166.63 | 177.55 | NOTE | |
r-devel-linux-x86_64-fedora-clang | 2.1.2 | 406.72 | OK | |||
r-devel-linux-x86_64-fedora-gcc | 2.1.2 | 383.74 | OK | |||
r-devel-windows-x86_64 | 2.1.2 | 16.00 | 254.00 | 270.00 | OK | |
r-patched-linux-x86_64 | 2.1.2 | 18.35 | 229.49 | 247.84 | OK | |
r-release-linux-x86_64 | 2.1.2 | 17.32 | 228.16 | 245.48 | OK | |
r-release-macos-arm64 | 2.1.2 | 115.00 | OK | |||
r-release-macos-x86_64 | 2.1.2 | 226.00 | OK | |||
r-release-windows-x86_64 | 2.1.2 | 19.00 | 253.00 | 272.00 | OK | |
r-oldrel-macos-arm64 | 2.1.2 | 96.00 | OK | |||
r-oldrel-macos-x86_64 | 2.1.2 | 236.00 | OK | |||
r-oldrel-windows-x86_64 | 2.1.2 | 25.00 | 345.00 | 370.00 | OK |
Version: 2.1.2
Check: examples
Result: NOTE
Examples with CPU (user + system) or elapsed time > 5s
user system elapsed
assessDataType 4.685 0.207 6.394
Flavor: r-devel-linux-x86_64-debian-gcc