Last updated on 2025-05-01 01:49:44 CEST.
Flavor | Version | Tinstall | Tcheck | Ttotal | Status | Flags |
---|---|---|---|---|---|---|
r-devel-linux-x86_64-debian-clang | 2024.1.2 | 2.00 | 19.64 | 21.64 | NOTE | |
r-devel-linux-x86_64-debian-gcc | 2024.1.2 | 1.67 | 16.15 | 17.82 | OK | |
r-devel-linux-x86_64-fedora-clang | 2024.1.2 | 34.59 | OK | |||
r-devel-linux-x86_64-fedora-gcc | 2024.1.2 | 32.10 | OK | |||
r-devel-windows-x86_64 | 2024.1.2 | 3.00 | 47.00 | 50.00 | OK | |
r-patched-linux-x86_64 | 2024.1.2 | 1.67 | 19.18 | 20.85 | OK | |
r-release-linux-x86_64 | 2024.1.2 | 1.78 | 19.22 | 21.00 | OK | |
r-release-macos-arm64 | 2024.1.2 | 21.00 | OK | |||
r-release-macos-x86_64 | 2024.1.2 | 29.00 | OK | |||
r-release-windows-x86_64 | 2024.1.2 | 3.00 | 53.00 | 56.00 | OK | |
r-oldrel-macos-arm64 | 2024.1.2 | 20.00 | OK | |||
r-oldrel-macos-x86_64 | 2024.1.2 | 40.00 | OK | |||
r-oldrel-windows-x86_64 | 2024.1.2 | 4.00 | 47.00 | 51.00 | OK |
Version: 2024.1.2
Check: examples
Result: NOTE
Examples with CPU (user + system) or elapsed time > 5s
user system elapsed
prepost 0.492 0.009 8.667
Flavor: r-devel-linux-x86_64-debian-clang
Version: 2024.1.2
Check: examples
Result: NA
user system elapsed
prepost 0.485 0.013 6.42
OK
Flavor: r-devel-linux-x86_64-debian-gcc