CRAN Package Check Results for Package rmacrostrat

Last updated on 2025-10-22 01:51:37 CEST.

Flavor Version Tinstall Tcheck Ttotal Status Flags
r-devel-linux-x86_64-debian-clang 1.0.0 4.81 63.25 68.06 OK
r-devel-linux-x86_64-debian-gcc 1.0.0 3.59 48.59 52.18 OK
r-devel-linux-x86_64-fedora-clang 1.0.0 40.00 62.98 102.98 OK
r-devel-linux-x86_64-fedora-gcc 1.0.0 24.00 101.68 125.68 OK
r-devel-windows-x86_64 1.0.0 7.00 82.00 89.00 OK
r-patched-linux-x86_64 1.0.0 6.58 59.21 65.79 OK
r-release-linux-x86_64 1.0.0 4.83 59.41 64.24 OK
r-release-macos-arm64 1.0.0 2.00 45.00 47.00 OK
r-release-macos-x86_64 1.0.0 5.00 72.00 77.00 OK
r-release-windows-x86_64 1.0.0 8.00 83.00 91.00 OK
r-oldrel-macos-arm64 1.0.0 3.00 39.00 42.00 NOTE
r-oldrel-macos-x86_64 1.0.0 4.00 58.00 62.00 NOTE
r-oldrel-windows-x86_64 1.0.0 9.00 95.00 104.00 NOTE

Check Details

Version: 1.0.0
Check: package dependencies
Result: NOTE Package suggested but not available for checking: ‘rnaturalearthhires’ Flavors: r-oldrel-macos-arm64, r-oldrel-macos-x86_64, r-oldrel-windows-x86_64