Last updated on 2025-11-02 02:50:54 CET.
| Flavor | Version | Tinstall | Tcheck | Ttotal | Status | Flags |
|---|---|---|---|---|---|---|
| r-devel-linux-x86_64-debian-clang | 1.0.3 | 8.24 | 68.06 | 76.30 | OK | |
| r-devel-linux-x86_64-debian-gcc | 1.0.3 | 5.47 | 49.20 | 54.67 | OK | |
| r-devel-linux-x86_64-fedora-clang | 1.0.3 | 19.00 | 98.87 | 117.87 | OK | |
| r-devel-linux-x86_64-fedora-gcc | 1.0.3 | 30.00 | 82.49 | 112.49 | OK | |
| r-devel-windows-x86_64 | 1.0.3 | 9.00 | 83.00 | 92.00 | OK | |
| r-patched-linux-x86_64 | 1.0.3 | 8.61 | 63.50 | 72.11 | OK | |
| r-release-linux-x86_64 | 1.0.3 | 7.27 | 64.24 | 71.51 | OK | |
| r-release-macos-arm64 | 1.0.3 | 3.00 | 26.00 | 29.00 | OK | |
| r-release-macos-x86_64 | 1.0.3 | 6.00 | 44.00 | 50.00 | OK | |
| r-release-windows-x86_64 | 1.0.3 | 10.00 | 80.00 | 90.00 | OK | |
| r-oldrel-macos-arm64 | 1.0.3 | 3.00 | 29.00 | 32.00 | NOTE | |
| r-oldrel-macos-x86_64 | 1.0.3 | 5.00 | 37.00 | 42.00 | NOTE | |
| r-oldrel-windows-x86_64 | 1.0.3 | 12.00 | 103.00 | 115.00 | NOTE |
Version: 1.0.3
Check: LazyData
Result: NOTE
'LazyData' is specified without a 'data' directory
Flavors: r-oldrel-macos-arm64, r-oldrel-macos-x86_64, r-oldrel-windows-x86_64