Last updated on 2025-10-25 01:51:15 CEST.
| Flavor | Version | Tinstall | Tcheck | Ttotal | Status | Flags |
|---|---|---|---|---|---|---|
| r-devel-linux-x86_64-debian-clang | 4.2.1 | 196.09 | 272.08 | 468.17 | OK | |
| r-devel-linux-x86_64-debian-gcc | 4.2.1 | 123.89 | 169.30 | 293.19 | OK | |
| r-devel-linux-x86_64-fedora-clang | 4.2.1 | 315.00 | 431.61 | 746.61 | OK | |
| r-devel-linux-x86_64-fedora-gcc | 4.2.1 | 448.00 | 299.57 | 747.57 | OK | |
| r-devel-windows-x86_64 | 4.2.1 | 180.00 | 285.00 | 465.00 | OK | |
| r-patched-linux-x86_64 | 4.2.1 | 194.88 | 254.28 | 449.16 | OK | |
| r-release-linux-x86_64 | 4.2.1 | 183.42 | 253.69 | 437.11 | OK | |
| r-release-macos-arm64 | 4.2.1 | 78.00 | 88.00 | 166.00 | OK | |
| r-release-macos-x86_64 | 4.2.1 | 125.00 | 188.00 | 313.00 | OK | |
| r-release-windows-x86_64 | 4.2.1 | 184.00 | 284.00 | 468.00 | OK | |
| r-oldrel-macos-arm64 | 4.2.1 | 71.00 | 86.00 | 157.00 | NOTE | |
| r-oldrel-macos-x86_64 | 4.2.1 | 123.00 | 182.00 | 305.00 | NOTE | |
| r-oldrel-windows-x86_64 | 4.2.1 | 239.00 | 362.00 | 601.00 | NOTE |
Version: 4.2.1
Check: installed package size
Result: NOTE
installed size is 16.0Mb
sub-directories of 1Mb or more:
R 5.1Mb
help 1.0Mb
libs 9.6Mb
Flavors: r-oldrel-macos-arm64, r-oldrel-macos-x86_64, r-oldrel-windows-x86_64