Last updated on 2025-04-15 01:50:44 CEST.
Flavor | Version | Tinstall | Tcheck | Ttotal | Status | Flags |
---|---|---|---|---|---|---|
r-devel-linux-x86_64-debian-clang | 0.5.1 | 62.56 | 44.74 | 107.30 | OK | |
r-devel-linux-x86_64-debian-gcc | 0.5.1 | 47.25 | 32.68 | 79.93 | OK | |
r-devel-linux-x86_64-fedora-clang | 0.5.1 | 180.18 | OK | |||
r-devel-linux-x86_64-fedora-gcc | 0.5.1 | 191.02 | OK | |||
r-devel-windows-x86_64 | 0.5.1 | 65.00 | 89.00 | 154.00 | OK | |
r-patched-linux-x86_64 | 0.5.1 | 65.14 | 43.93 | 109.07 | OK | |
r-release-linux-x86_64 | 0.5.1 | 64.41 | 44.06 | 108.47 | OK | |
r-release-macos-arm64 | 0.5.1 | 53.00 | OK | |||
r-release-macos-x86_64 | 0.5.1 | 85.00 | OK | |||
r-release-windows-x86_64 | 0.5.1 | 68.00 | 89.00 | 157.00 | OK | |
r-oldrel-macos-arm64 | 0.5.1 | 49.00 | NOTE | |||
r-oldrel-macos-x86_64 | 0.5.1 | 67.00 | NOTE | |||
r-oldrel-windows-x86_64 | 0.5.1 | 79.00 | 107.00 | 186.00 | NOTE |
Version: 0.5.1
Check: installed package size
Result: NOTE
installed size is 9.9Mb
sub-directories of 1Mb or more:
data 2.3Mb
libs 6.0Mb
Flavors: r-oldrel-macos-arm64, r-oldrel-macos-x86_64, r-oldrel-windows-x86_64