Last updated on 2025-10-24 01:50:38 CEST.
| Flavor | Version | Tinstall | Tcheck | Ttotal | Status | Flags |
|---|---|---|---|---|---|---|
| r-devel-linux-x86_64-debian-clang | 1.3.3 | 3.02 | 44.62 | 47.64 | NOTE | |
| r-devel-linux-x86_64-debian-gcc | 1.3.3 | 2.64 | 33.17 | 35.81 | OK | |
| r-devel-linux-x86_64-fedora-clang | 1.3.3 | 69.06 | OK | |||
| r-devel-linux-x86_64-fedora-gcc | 1.3.3 | 81.63 | OK | |||
| r-devel-windows-x86_64 | 1.3.3 | 5.00 | 65.00 | 70.00 | OK | |
| r-patched-linux-x86_64 | 1.3.3 | 3.79 | 40.73 | 44.52 | OK | |
| r-release-linux-x86_64 | 1.3.3 | 3.05 | 40.85 | 43.90 | OK | |
| r-release-macos-arm64 | 1.3.3 | 2.00 | 41.00 | 43.00 | OK | |
| r-release-macos-x86_64 | 1.3.3 | 4.00 | 73.00 | 77.00 | OK | |
| r-release-windows-x86_64 | 1.3.3 | 5.00 | 68.00 | 73.00 | OK | |
| r-oldrel-macos-arm64 | 1.3.3 | 2.00 | 30.00 | 32.00 | OK | |
| r-oldrel-macos-x86_64 | 1.3.3 | 4.00 | 72.00 | 76.00 | OK | |
| r-oldrel-windows-x86_64 | 1.3.3 | 5.00 | 76.00 | 81.00 | OK |
Version: 1.3.3
Check: HTML version of manual
Result: NOTE
Found the following HTML validation problems:
ex_data_table_step.default.html:74:1 (ex_data_table_step.default.Rd:27): Warning: missing </ul> before </div>
Flavor: r-devel-linux-x86_64-debian-clang