Last updated on 2025-05-02 02:51:06 CEST.
Flavor | Version | Tinstall | Tcheck | Ttotal | Status | Flags |
---|---|---|---|---|---|---|
r-devel-linux-x86_64-debian-clang | 0.6.12 | 30.63 | 659.55 | 690.18 | NOTE | |
r-devel-linux-x86_64-debian-gcc | 0.6.12 | 17.43 | 402.71 | 420.14 | OK | |
r-devel-linux-x86_64-fedora-clang | 0.6.12 | 1166.30 | OK | |||
r-devel-linux-x86_64-fedora-gcc | 0.6.12 | 1057.20 | OK | |||
r-devel-windows-x86_64 | 0.6.12 | 27.00 | 558.00 | 585.00 | OK | |
r-patched-linux-x86_64 | 0.6.12 | 29.95 | 609.74 | 639.69 | OK | |
r-release-linux-x86_64 | OK | |||||
r-release-macos-arm64 | 0.6.12 | 251.00 | OK | |||
r-release-macos-x86_64 | 0.6.12 | 641.00 | OK | |||
r-release-windows-x86_64 | 0.6.12 | 28.00 | 559.00 | 587.00 | OK | |
r-oldrel-macos-arm64 | 0.6.12 | 269.00 | OK | |||
r-oldrel-macos-x86_64 | 0.6.12 | 712.00 | OK | |||
r-oldrel-windows-x86_64 | 0.6.12 | 35.00 | 786.00 | 821.00 | OK |
Version: 0.6.12
Check: examples
Result: NOTE
Examples with CPU (user + system) or elapsed time > 5s
user system elapsed
qtable_layout 8.554 0.105 10.695
Flavor: r-devel-linux-x86_64-debian-clang