CRAN Package Check Results for Package rtry

Last updated on 2025-10-25 01:51:15 CEST.

Flavor Version Tinstall Tcheck Ttotal Status Flags
r-devel-linux-x86_64-debian-clang 1.1.0 2.19 37.78 39.97 OK
r-devel-linux-x86_64-debian-gcc 1.1.0 1.93 29.42 31.35 OK
r-devel-linux-x86_64-fedora-clang 1.1.0 59.59 NOTE
r-devel-linux-x86_64-fedora-gcc 1.1.0 71.98 NOTE
r-devel-windows-x86_64 1.1.0 4.00 58.00 62.00 OK
r-patched-linux-x86_64 1.1.0 2.96 34.47 37.43 OK
r-release-linux-x86_64 1.1.0 2.44 34.60 37.04 OK
r-release-macos-arm64 1.1.0 1.00 29.00 30.00 OK
r-release-macos-x86_64 1.1.0 2.00 51.00 53.00 OK
r-release-windows-x86_64 1.1.0 6.00 61.00 67.00 OK
r-oldrel-macos-arm64 1.1.0 1.00 30.00 31.00 OK
r-oldrel-macos-x86_64 1.1.0 2.00 87.00 89.00 OK
r-oldrel-windows-x86_64 1.1.0 8.00 67.00 75.00 OK

Check Details

Version: 1.1.0
Check: dependencies in R code
Result: NOTE Namespace in Imports field not imported from: ‘curl’ All declared Imports should be used. Flavors: r-devel-linux-x86_64-fedora-clang, r-devel-linux-x86_64-fedora-gcc