Last updated on 2025-10-25 01:51:16 CEST.
| Flavor | Version | Tinstall | Tcheck | Ttotal | Status | Flags |
|---|---|---|---|---|---|---|
| r-devel-linux-x86_64-debian-clang | 1.1.0 | 1.36 | 23.21 | 24.57 | NOTE | |
| r-devel-linux-x86_64-debian-gcc | 1.1.0 | 1.55 | 18.75 | 20.30 | NOTE | |
| r-devel-linux-x86_64-fedora-clang | 1.1.0 | 35.57 | NOTE | |||
| r-devel-linux-x86_64-fedora-gcc | 1.1.0 | 34.40 | NOTE | |||
| r-devel-windows-x86_64 | 1.1.0 | 4.00 | 42.00 | 46.00 | NOTE | |
| r-patched-linux-x86_64 | 1.1.0 | 1.98 | 20.83 | 22.81 | NOTE | |
| r-release-linux-x86_64 | 1.1.0 | 1.72 | 21.06 | 22.78 | NOTE | |
| r-release-macos-arm64 | 1.1.0 | 1.00 | 15.00 | 16.00 | NOTE | |
| r-release-macos-x86_64 | 1.1.0 | 2.00 | 23.00 | 25.00 | NOTE | |
| r-release-windows-x86_64 | 1.1.0 | 4.00 | 44.00 | 48.00 | NOTE | |
| r-oldrel-macos-arm64 | 1.1.0 | 1.00 | 16.00 | 17.00 | OK | |
| r-oldrel-macos-x86_64 | 1.1.0 | 2.00 | 27.00 | 29.00 | OK | |
| r-oldrel-windows-x86_64 | 1.1.0 | 5.00 | 48.00 | 53.00 | OK |
Version: 1.1.0
Check: DESCRIPTION meta-information
Result: NOTE
Missing dependency on R >= 4.1.0 because package code uses the pipe
|> or function shorthand \(...) syntax added in R 4.1.0.
File(s) using such syntax:
‘s3_check_for_file.R’ ‘s3_file_size.R’ ‘s3_get.Rd’ ‘s3_get_files.R’
‘s3_parse_uri.R’
Flavors: r-devel-linux-x86_64-debian-clang, r-devel-linux-x86_64-debian-gcc, r-devel-linux-x86_64-fedora-clang, r-devel-linux-x86_64-fedora-gcc, r-devel-windows-x86_64, r-patched-linux-x86_64, r-release-linux-x86_64, r-release-macos-arm64, r-release-macos-x86_64, r-release-windows-x86_64