Last updated on 2025-04-30 01:50:36 CEST.
Flavor | Version | Tinstall | Tcheck | Ttotal | Status | Flags |
---|---|---|---|---|---|---|
r-devel-linux-x86_64-debian-clang | 1.0.1 | 2.03 | 22.03 | 24.06 | NOTE | |
r-devel-linux-x86_64-debian-gcc | 1.0.1 | 1.45 | 16.71 | 18.16 | OK | |
r-devel-linux-x86_64-fedora-clang | 1.0.1 | 39.40 | NOTE | |||
r-devel-linux-x86_64-fedora-gcc | 1.0.1 | 35.81 | NOTE | |||
r-devel-windows-x86_64 | 1.0.1 | 3.00 | 45.00 | 48.00 | OK | |
r-patched-linux-x86_64 | 1.0.1 | 1.80 | 20.89 | 22.69 | OK | |
r-release-linux-x86_64 | 1.0.1 | 1.95 | 20.80 | 22.75 | OK | |
r-release-macos-arm64 | 1.0.1 | 16.00 | OK | |||
r-release-macos-x86_64 | 1.0.1 | 25.00 | OK | |||
r-release-windows-x86_64 | 1.0.1 | 4.00 | 51.00 | 55.00 | OK | |
r-oldrel-macos-arm64 | 1.0.1 | 14.00 | OK | |||
r-oldrel-macos-x86_64 | 1.0.1 | 23.00 | OK | |||
r-oldrel-windows-x86_64 | 1.0.1 | 3.00 | 44.00 | 47.00 | OK |
Version: 1.0.1
Check: examples
Result: NOTE
Examples with CPU (user + system) or elapsed time > 5s
user system elapsed
sahpmlm 4.131 0.077 5.587
Flavor: r-devel-linux-x86_64-debian-clang
Version: 1.0.1
Check: dependencies in R code
Result: NOTE
Namespace in Imports field not imported from: ‘mvtnorm’
All declared Imports should be used.
Flavors: r-devel-linux-x86_64-fedora-clang, r-devel-linux-x86_64-fedora-gcc