Last updated on 2025-04-30 01:50:36 CEST.
Flavor | Version | Tinstall | Tcheck | Ttotal | Status | Flags |
---|---|---|---|---|---|---|
r-devel-linux-x86_64-debian-clang | 0.64.0 | 19.16 | 163.87 | 183.03 | NOTE | |
r-devel-linux-x86_64-debian-gcc | 0.64.0 | 12.73 | 108.16 | 120.89 | OK | |
r-devel-linux-x86_64-fedora-clang | 0.64.0 | 283.78 | OK | |||
r-devel-linux-x86_64-fedora-gcc | 0.64.0 | 260.94 | OK | |||
r-devel-windows-x86_64 | 0.64.0 | 23.00 | 164.00 | 187.00 | OK | |
r-patched-linux-x86_64 | 0.64.0 | 23.00 | 151.80 | 174.80 | OK | |
r-release-linux-x86_64 | 0.64.0 | 18.55 | 151.03 | 169.58 | OK | |
r-release-macos-arm64 | 0.64.0 | 66.00 | OK | |||
r-release-macos-x86_64 | 0.64.0 | 95.00 | OK | |||
r-release-windows-x86_64 | 0.64.0 | 24.00 | 168.00 | 192.00 | OK | |
r-oldrel-macos-arm64 | 0.64.0 | 68.00 | OK | |||
r-oldrel-macos-x86_64 | 0.64.0 | 104.00 | OK | |||
r-oldrel-windows-x86_64 | 0.64.0 | 29.00 | 214.00 | 243.00 | OK |
Version: 0.64.0
Check: examples
Result: NOTE
Examples with CPU (user + system) or elapsed time > 5s
user system elapsed
bplm 4.662 0.028 5.653
Flavor: r-devel-linux-x86_64-debian-clang