Last updated on 2025-04-30 02:50:51 CEST.
Flavor | Version | Tinstall | Tcheck | Ttotal | Status | Flags |
---|---|---|---|---|---|---|
r-devel-linux-x86_64-debian-clang | 1.0.6 | 43.19 | 70.88 | 114.07 | OK | |
r-devel-linux-x86_64-debian-gcc | 1.0.6 | 33.22 | 48.58 | 81.80 | OK | |
r-devel-windows-x86_64 | 1.0.6 | 51.00 | 111.00 | 162.00 | OK | |
r-patched-linux-x86_64 | 1.0.6 | 46.39 | 63.29 | 109.68 | OK | |
r-release-linux-x86_64 | 1.0.6 | 45.85 | 64.99 | 110.84 | OK | |
r-release-macos-arm64 | 1.0.6 | 46.00 | OK | |||
r-release-macos-x86_64 | 1.0.6 | 83.00 | OK | |||
r-release-windows-x86_64 | 1.0.6 | 59.00 | 107.00 | 166.00 | OK | |
r-oldrel-macos-arm64 | 1.0.6 | 59.00 | NOTE | |||
r-oldrel-macos-x86_64 | 1.0.6 | 75.00 | NOTE | |||
r-oldrel-windows-x86_64 | 1.0.6 | 61.00 | 129.00 | 190.00 | OK |
Version: 1.0.6
Check: installed package size
Result: NOTE
installed size is 5.7Mb
sub-directories of 1Mb or more:
libs 4.9Mb
Flavors: r-oldrel-macos-arm64, r-oldrel-macos-x86_64