Last updated on 2025-10-25 01:51:16 CEST.
| Flavor | Version | Tinstall | Tcheck | Ttotal | Status | Flags |
|---|---|---|---|---|---|---|
| r-devel-linux-x86_64-debian-clang | 1.2.1 | 2.02 | 23.71 | 25.73 | NOTE | |
| r-devel-linux-x86_64-debian-gcc | 1.2.1 | 1.52 | 19.57 | 21.09 | NOTE | |
| r-devel-linux-x86_64-fedora-clang | 1.2.1 | 40.11 | OK | |||
| r-devel-linux-x86_64-fedora-gcc | 1.2.1 | 351.00 | OK | |||
| r-devel-windows-x86_64 | 1.2.1 | 2.00 | 42.00 | 44.00 | OK | |
| r-patched-linux-x86_64 | 1.2.1 | 2.02 | 22.76 | 24.78 | OK | |
| r-release-linux-x86_64 | 1.2.1 | 1.86 | 22.54 | 24.40 | OK | |
| r-release-macos-arm64 | 1.2.1 | 1.00 | 124.00 | 125.00 | OK | |
| r-release-macos-x86_64 | 1.2.1 | 2.00 | 209.00 | 211.00 | OK | |
| r-release-windows-x86_64 | 1.2.1 | 3.00 | 43.00 | 46.00 | OK | |
| r-oldrel-macos-arm64 | 1.2.1 | 1.00 | 74.00 | 75.00 | OK | |
| r-oldrel-macos-x86_64 | 1.2.1 | 2.00 | 156.00 | 158.00 | OK | |
| r-oldrel-windows-x86_64 | 1.2.1 | 4.00 | 49.00 | 53.00 | OK |
Version: 1.2.1
Check: CRAN incoming feasibility
Result: NOTE
Maintainer: ‘Stuart Baumann <Stuart@StuartBaumann.com>’
No Authors@R field in DESCRIPTION.
Please add one, modifying
Authors@R: c(person(given = "Stuart",
family = "Baumann",
role = c("aut", "cre"),
email = "stuart@stuartbaumann.com"),
person(given = "Margaryta",
family = "Klymak",
role = "aut"))
as necessary.
Flavors: r-devel-linux-x86_64-debian-clang, r-devel-linux-x86_64-debian-gcc