Last updated on 2025-10-22 01:51:38 CEST.
Flavor | Version | Tinstall | Tcheck | Ttotal | Status | Flags |
---|---|---|---|---|---|---|
r-devel-linux-x86_64-debian-clang | 1.5.0 | 3.08 | 39.92 | 43.00 | NOTE | |
r-devel-linux-x86_64-debian-gcc | 1.5.0 | 2.56 | 29.65 | 32.21 | NOTE | |
r-devel-linux-x86_64-fedora-clang | 1.5.0 | 62.68 | OK | |||
r-devel-linux-x86_64-fedora-gcc | 1.5.0 | 60.33 | OK | |||
r-devel-windows-x86_64 | 1.5.0 | 5.00 | 53.00 | 58.00 | OK | |
r-patched-linux-x86_64 | 1.5.0 | 3.51 | 36.05 | 39.56 | OK | |
r-release-linux-x86_64 | 1.5.0 | 3.36 | 35.33 | 38.69 | OK | |
r-release-macos-arm64 | 1.5.0 | 2.00 | 22.00 | 24.00 | OK | |
r-release-macos-x86_64 | 1.5.0 | 4.00 | 44.00 | 48.00 | OK | |
r-release-windows-x86_64 | 1.5.0 | 5.00 | 54.00 | 59.00 | OK | |
r-oldrel-macos-arm64 | 1.5.0 | 1.00 | 19.00 | 20.00 | OK | |
r-oldrel-macos-x86_64 | 1.5.0 | 2.00 | 26.00 | 28.00 | OK | |
r-oldrel-windows-x86_64 | 1.5.0 | 6.00 | 63.00 | 69.00 | OK |
Version: 1.5.0
Check: HTML version of manual
Result: NOTE
Found the following HTML validation problems:
scico_data.html:52:1 (scico_data.Rd:16): Warning: missing </ul> before </div>
Flavors: r-devel-linux-x86_64-debian-clang, r-devel-linux-x86_64-debian-gcc