Last updated on 2025-05-07 01:50:13 CEST.
Flavor | Version | Tinstall | Tcheck | Ttotal | Status | Flags |
---|---|---|---|---|---|---|
r-devel-linux-x86_64-debian-clang | 0.7.0 | 230.38 | 250.50 | 480.88 | OK | |
r-devel-linux-x86_64-debian-gcc | 0.7.0 | 183.80 | 200.08 | 383.88 | OK | |
r-devel-linux-x86_64-fedora-clang | 0.7.0 | 787.07 | OK | |||
r-devel-linux-x86_64-fedora-gcc | 0.7.0 | 1016.48 | OK | |||
r-devel-windows-x86_64 | 0.7.0 | 220.00 | 304.00 | 524.00 | OK | |
r-patched-linux-x86_64 | 0.7.0 | 233.04 | 260.22 | 493.26 | OK | |
r-release-linux-x86_64 | 0.7.0 | 232.22 | 259.38 | 491.60 | OK | |
r-release-macos-arm64 | 0.7.0 | 197.00 | OK | |||
r-release-macos-x86_64 | 0.7.0 | 451.00 | OK | |||
r-release-windows-x86_64 | 0.7.0 | 217.00 | 304.00 | 521.00 | OK | |
r-oldrel-macos-arm64 | 0.7.0 | 192.00 | NOTE | |||
r-oldrel-macos-x86_64 | 0.7.0 | 423.00 | NOTE | |||
r-oldrel-windows-x86_64 | 0.7.0 | 255.00 | 380.00 | 635.00 | NOTE |
Version: 0.7.0
Check: installed package size
Result: NOTE
installed size is 89.7Mb
sub-directories of 1Mb or more:
libs 87.8Mb
Flavors: r-oldrel-macos-arm64, r-oldrel-macos-x86_64, r-oldrel-windows-x86_64