Last updated on 2025-10-23 02:50:10 CEST.
Flavor | Version | Tinstall | Tcheck | Ttotal | Status | Flags |
---|---|---|---|---|---|---|
r-devel-linux-x86_64-debian-clang | 0.4.4 | 3.90 | 38.86 | 42.76 | NOTE | |
r-devel-linux-x86_64-debian-gcc | 0.4.4 | 3.04 | 30.29 | 33.33 | OK | |
r-devel-linux-x86_64-fedora-clang | 0.4.4 | 63.77 | OK | |||
r-devel-linux-x86_64-fedora-gcc | 0.4.4 | 77.24 | OK | |||
r-devel-windows-x86_64 | 0.4.4 | 9.00 | 58.00 | 67.00 | OK | |
r-patched-linux-x86_64 | 0.4.4 | 3.98 | 36.70 | 40.68 | OK | |
r-release-linux-x86_64 | 0.4.4 | 4.06 | 36.72 | 40.78 | OK | |
r-release-macos-arm64 | 0.4.4 | 3.00 | 59.00 | 62.00 | OK | |
r-release-macos-x86_64 | 0.4.4 | 4.00 | 63.00 | 67.00 | OK | |
r-release-windows-x86_64 | 0.4.4 | 10.00 | 59.00 | 69.00 | OK | |
r-oldrel-macos-arm64 | 0.4.4 | 2.00 | 34.00 | 36.00 | NOTE | |
r-oldrel-macos-x86_64 | 0.4.4 | 8.00 | 76.00 | 84.00 | NOTE | |
r-oldrel-windows-x86_64 | 0.4.4 | 12.00 | 67.00 | 79.00 | NOTE |
Version: 0.4.4
Check: HTML version of manual
Result: NOTE
Found the following HTML validation problems:
r_completions_function_call_metadata.html:52:1 (r_completions_function_call_metadata.Rd:14): Warning: missing </ul> before </div>
r_completions_general_metadata.html:47:1 (r_completions_general_metadata.Rd:11): Warning: missing </ul> before </div>
r_completions_metadata.html:46:1 (r_completions_metadata.Rd:10): Warning: missing </ul> before </div>
shinyAce_debug.html:48:1 (shinyAce_debug.Rd:12): Warning: missing </ul> before </div>
tooltip_html.html:50:1 (tooltip_html.Rd:12): Warning: missing </ul> before </div>
Flavor: r-devel-linux-x86_64-debian-clang
Version: 0.4.4
Check: installed package size
Result: NOTE
installed size is 8.0Mb
sub-directories of 1Mb or more:
www 7.7Mb
Flavors: r-oldrel-macos-arm64, r-oldrel-macos-x86_64, r-oldrel-windows-x86_64