Last updated on 2025-05-01 01:49:47 CEST.
Flavor | Version | Tinstall | Tcheck | Ttotal | Status | Flags |
---|---|---|---|---|---|---|
r-devel-linux-x86_64-debian-clang | 1.5 | 12.31 | 36.23 | 48.54 | NOTE | |
r-devel-linux-x86_64-debian-gcc | 1.5 | 8.94 | 27.62 | 36.56 | NOTE | |
r-devel-linux-x86_64-fedora-clang | 1.5 | 80.58 | NOTE | |||
r-devel-linux-x86_64-fedora-gcc | 1.5 | 75.67 | NOTE | |||
r-devel-windows-x86_64 | 1.5 | 18.00 | 73.00 | 91.00 | NOTE | |
r-patched-linux-x86_64 | 1.5 | 12.91 | 33.69 | 46.60 | NOTE | |
r-release-linux-x86_64 | 1.5 | 12.48 | 34.08 | 46.56 | NOTE | |
r-release-macos-arm64 | 1.5 | 34.00 | NOTE | |||
r-release-macos-x86_64 | 1.5 | 54.00 | NOTE | |||
r-release-windows-x86_64 | 1.5 | 19.00 | 79.00 | 98.00 | NOTE | |
r-oldrel-macos-arm64 | 1.5 | 26.00 | NOTE | |||
r-oldrel-macos-x86_64 | 1.5 | 39.00 | NOTE | |||
r-oldrel-windows-x86_64 | 1.5 | 19.00 | 83.00 | 102.00 | NOTE |
Version: 1.5
Check: CRAN incoming feasibility
Result: NOTE
Maintainer: ‘Michal Burdukiewicz <michalburdukiewicz@gmail.com>’
Package CITATION file contains call(s) to old-style citEntry(). Please
use bibentry() instead.
Flavors: r-devel-linux-x86_64-debian-clang, r-devel-linux-x86_64-debian-gcc
Version: 1.5
Check: Rd files
Result: NOTE
checkRd: (-1) add_k_mer_state.Rd:33: Lost braces in \itemize; \value handles \item{}{} directly
checkRd: (-1) add_k_mer_state.Rd:34: Lost braces in \itemize; \value handles \item{}{} directly
checkRd: (-1) add_k_mer_state.Rd:35: Lost braces in \itemize; \value handles \item{}{} directly
checkRd: (-1) add_k_mer_state.Rd:36: Lost braces in \itemize; \value handles \item{}{} directly
checkRd: (-1) duration_viterbi.Rd:23: Lost braces in \itemize; \value handles \item{}{} directly
checkRd: (-1) duration_viterbi.Rd:24: Lost braces in \itemize; \value handles \item{}{} directly
checkRd: (-1) duration_viterbi.Rd:25: Lost braces in \itemize; \value handles \item{}{} directly
checkRd: (-1) duration_viterbi.Rd:26: Lost braces in \itemize; \value handles \item{}{} directly
Flavors: r-devel-linux-x86_64-debian-clang, r-devel-linux-x86_64-debian-gcc, r-devel-linux-x86_64-fedora-clang, r-devel-linux-x86_64-fedora-gcc, r-devel-windows-x86_64, r-patched-linux-x86_64, r-release-linux-x86_64, r-release-macos-arm64, r-release-macos-x86_64, r-release-windows-x86_64, r-oldrel-macos-arm64, r-oldrel-macos-x86_64, r-oldrel-windows-x86_64