CRAN Package Check Results for Package simr

Last updated on 2025-04-29 01:49:48 CEST.

Flavor Version Tinstall Tcheck Ttotal Status Flags
r-devel-linux-x86_64-debian-clang 1.0.7 12.53 173.73 186.26 NOTE
r-devel-linux-x86_64-debian-gcc 1.0.7 8.03 118.16 126.19 NOTE
r-devel-linux-x86_64-fedora-clang 1.0.7 313.45 OK
r-devel-linux-x86_64-fedora-gcc 1.0.7 312.23 OK
r-devel-windows-x86_64 1.0.7 13.00 164.00 177.00 NOTE
r-patched-linux-x86_64 1.0.7 12.04 163.18 175.22 NOTE
r-release-linux-x86_64 1.0.7 10.88 163.25 174.13 NOTE
r-release-macos-arm64 1.0.7 80.00 OK
r-release-macos-x86_64 1.0.7 178.00 OK
r-release-windows-x86_64 1.0.7 14.00 159.00 173.00 NOTE
r-oldrel-macos-arm64 1.0.7 78.00 OK
r-oldrel-macos-x86_64 1.0.7 136.00 OK
r-oldrel-windows-x86_64 1.0.7 16.00 263.00 279.00 OK

Check Details

Version: 1.0.7
Check: Rd cross-references
Result: NOTE Found the following Rd file(s) with Rd \link{} targets missing package anchors: print.powerSim.Rd: binom.confint simrOptions.Rd: Anova tests.Rd: summary.merMod, anova.merMod, Anova Please provide package anchors for all Rd \link{} targets not in the package itself and the base packages. Flavors: r-devel-linux-x86_64-debian-clang, r-devel-linux-x86_64-debian-gcc, r-devel-windows-x86_64, r-patched-linux-x86_64, r-release-linux-x86_64, r-release-windows-x86_64