Last updated on 2025-10-24 01:50:40 CEST.
| Flavor | Version | Tinstall | Tcheck | Ttotal | Status | Flags |
|---|---|---|---|---|---|---|
| r-devel-linux-x86_64-debian-clang | 0.2-18 | 2.77 | 40.63 | 43.40 | OK | |
| r-devel-linux-x86_64-debian-gcc | 0.2-18 | 2.17 | 36.24 | 38.41 | OK | |
| r-devel-linux-x86_64-fedora-clang | 0.2-18 | 13.00 | 56.22 | 69.22 | OK | |
| r-devel-linux-x86_64-fedora-gcc | 0.2-18 | 65.18 | OK | |||
| r-devel-windows-x86_64 | 0.2-18 | 4.00 | 62.00 | 66.00 | OK | |
| r-patched-linux-x86_64 | 0.2-18 | 2.76 | 39.65 | 42.41 | OK | |
| r-release-linux-x86_64 | 0.2-18 | 2.93 | 38.84 | 41.77 | OK | |
| r-release-macos-arm64 | 0.2-18 | 1.00 | 25.00 | 26.00 | OK | |
| r-release-macos-x86_64 | 0.2-18 | 3.00 | 42.00 | 45.00 | OK | |
| r-release-windows-x86_64 | 0.2-18 | 4.00 | 56.00 | 60.00 | OK | |
| r-oldrel-macos-arm64 | 0.2-18 | 2.00 | 26.00 | 28.00 | NOTE | |
| r-oldrel-macos-x86_64 | 0.2-18 | 2.00 | 204.00 | 206.00 | NOTE | |
| r-oldrel-windows-x86_64 | 0.2-18 | 5.00 | 65.00 | 70.00 | NOTE |
Version: 0.2-18
Check: package dependencies
Result: NOTE
Package which this enhances but not available for checking: ‘kmndirs’
Flavors: r-oldrel-macos-arm64, r-oldrel-macos-x86_64, r-oldrel-windows-x86_64