CRAN Package Check Results for Package slackr

Last updated on 2025-05-03 01:51:15 CEST.

Flavor Version Tinstall Tcheck Ttotal Status Flags
r-devel-linux-x86_64-debian-clang 3.3.1 4.54 47.98 52.52 NOTE
r-devel-linux-x86_64-debian-gcc 3.3.1 3.54 37.00 40.54 NOTE
r-devel-linux-x86_64-fedora-clang 3.3.1 85.66 OK
r-devel-linux-x86_64-fedora-gcc 3.3.1 93.22 OK
r-devel-windows-x86_64 3.3.1 7.00 69.00 76.00 OK
r-patched-linux-x86_64 3.3.1 5.04 46.57 51.61 OK
r-release-linux-x86_64 OK
r-release-macos-arm64 3.3.1 36.00 OK
r-release-macos-x86_64 3.3.1 63.00 OK
r-release-windows-x86_64 3.3.1 8.00 67.00 75.00 OK
r-oldrel-macos-arm64 3.3.1 35.00 OK
r-oldrel-macos-x86_64 3.3.1 53.00 OK
r-oldrel-windows-x86_64 3.3.1 7.00 81.00 88.00 OK

Check Details

Version: 3.3.1
Check: CRAN incoming feasibility
Result: NOTE Maintainer: ‘Matt Kaye <mrkaye97@gmail.com>’ No Authors@R field in DESCRIPTION. Please add one, modifying Authors@R: c(person(given = "Bob", family = "Rudis", role = c("aut", "cre")), person(given = "Jay", family = "Jacobs", role = "ctb"), person(given = "David", family = "Severski", role = "ctb"), person(given = "Quinn", family = "Weber", role = "ctb"), person(given = "Konrad", family = "Karczewski", role = "ctb"), person(given = "Shinya", family = "Uryu", role = "ctb"), person(given = "Gregory", family = "Jefferis", role = "ctb"), person(given = "Ed", family = "Niles", role = "ctb"), person(given = "Rick", family = "Saporta", role = "ctb"), person(given = "Jonathan", family = "Sidi", role = c("aut", "ctb")), person(given = "Matt", family = "Kaye", role = c("aut", "ctb", "cre"), email = "mrkaye97@gmail.com"), person(given = "Xinye", family = "Li", role = "ctb"), person(given = "Andrie", family = "de Vries", role = c("aut", "ctb"))) as necessary. Flavors: r-devel-linux-x86_64-debian-clang, r-devel-linux-x86_64-debian-gcc