Last updated on 2025-10-22 01:51:39 CEST.
Flavor | Version | Tinstall | Tcheck | Ttotal | Status | Flags |
---|---|---|---|---|---|---|
r-devel-linux-x86_64-debian-clang | 2.8.13 | 16.34 | 166.31 | 182.65 | NOTE | |
r-devel-linux-x86_64-debian-gcc | 2.8.13 | 11.30 | 111.11 | 122.41 | NOTE | |
r-devel-linux-x86_64-fedora-clang | 2.8.13 | 86.00 | 208.75 | 294.75 | OK | |
r-devel-linux-x86_64-fedora-gcc | 2.8.13 | 33.00 | 251.87 | 284.87 | OK | |
r-devel-windows-x86_64 | 2.8.13 | 19.00 | 194.00 | 213.00 | OK | |
r-patched-linux-x86_64 | 2.8.13 | 20.09 | 155.36 | 175.45 | OK | |
r-release-linux-x86_64 | 2.8.13 | 16.59 | 154.45 | 171.04 | OK | |
r-release-macos-arm64 | 2.8.13 | 7.00 | 86.00 | 93.00 | OK | |
r-release-macos-x86_64 | 2.8.13 | 24.00 | 265.00 | 289.00 | OK | |
r-release-windows-x86_64 | 2.8.13 | 22.00 | 192.00 | 214.00 | OK | |
r-oldrel-macos-arm64 | 2.8.13 | 7.00 | 79.00 | 86.00 | OK | |
r-oldrel-macos-x86_64 | 2.8.13 | 23.00 | 255.00 | 278.00 | OK | |
r-oldrel-windows-x86_64 | 2.8.13 | 26.00 | 226.00 | 252.00 | OK |
Version: 2.8.13
Check: HTML version of manual
Result: NOTE
Found the following HTML validation problems:
get_mapunit_from_NASIS.html:90:1 (get_mapunit_from_NASIS.Rd:46): Warning: missing </ul> before </div>
Flavors: r-devel-linux-x86_64-debian-clang, r-devel-linux-x86_64-debian-gcc