Last updated on 2025-10-22 01:51:39 CEST.
Flavor | Version | Tinstall | Tcheck | Ttotal | Status | Flags |
---|---|---|---|---|---|---|
r-devel-linux-x86_64-debian-clang | 0.17.3 | 49.98 | 126.15 | 176.13 | NOTE | |
r-devel-linux-x86_64-debian-gcc | 0.17.3 | 30.48 | 89.37 | 119.85 | NOTE | |
r-devel-linux-x86_64-fedora-clang | 0.17.3 | 269.00 | 48.78 | 317.78 | OK | |
r-devel-linux-x86_64-fedora-gcc | 0.17.3 | 93.00 | 194.28 | 287.28 | OK | |
r-devel-windows-x86_64 | 0.17.3 | 61.00 | 196.00 | 257.00 | OK | |
r-patched-linux-x86_64 | 0.17.3 | 44.11 | 116.19 | 160.30 | OK | |
r-release-linux-x86_64 | 0.17.3 | 46.52 | 117.12 | 163.64 | OK | |
r-release-macos-arm64 | 0.17.3 | 18.00 | 52.00 | 70.00 | OK | |
r-release-macos-x86_64 | 0.17.3 | 30.00 | 113.00 | 143.00 | OK | |
r-release-windows-x86_64 | 0.17.3 | 66.00 | 200.00 | 266.00 | OK | |
r-oldrel-macos-arm64 | 0.17.3 | 16.00 | 58.00 | 74.00 | OK | |
r-oldrel-macos-x86_64 | 0.17.3 | 22.00 | 106.00 | 128.00 | OK | |
r-oldrel-windows-x86_64 | 0.17.3 | 73.00 | 232.00 | 305.00 | OK |
Version: 0.17.3
Check: HTML version of manual
Result: NOTE
Found the following HTML validation problems:
attempt_date.html:50:1 (attempt_date.Rd:12): Warning: missing </ul> before </div>
hazard.html:66:1 (hazard.Rd:20): Warning: missing </ul> before </div>
loglog.html:62:1 (loglog.Rd:18): Warning: missing </ul> before </div>
loglog_lnl.html:54:1 (loglog_lnl.Rd:14): Warning: missing </ul> before </div>
sploglog.html:62:1 (sploglog.Rd:18): Warning: missing </ul> before </div>
sploglog_lnl.html:58:1 (sploglog_lnl.Rd:16): Warning: missing </ul> before </div>
spweib_lnl.html:58:1 (spweib_lnl.Rd:16): Warning: missing </ul> before </div>
spweibull.html:62:1 (spweibull.Rd:18): Warning: missing </ul> before </div>
weib_lnl.html:54:1 (weib_lnl.Rd:14): Warning: missing </ul> before </div>
weibull.html:62:1 (weibull.Rd:18): Warning: missing </ul> before </div>
Flavors: r-devel-linux-x86_64-debian-clang, r-devel-linux-x86_64-debian-gcc