Last updated on 2025-10-23 02:50:12 CEST.
Flavor | Version | Tinstall | Tcheck | Ttotal | Status | Flags |
---|---|---|---|---|---|---|
r-devel-linux-x86_64-debian-clang | 1.1.6 | 29.48 | 240.50 | 269.98 | NOTE | |
r-devel-linux-x86_64-debian-gcc | 1.1.6 | 17.56 | 148.84 | 166.40 | NOTE | |
r-devel-linux-x86_64-fedora-clang | 1.1.6 | 134.00 | 307.48 | 441.48 | OK | |
r-devel-linux-x86_64-fedora-gcc | 1.1.6 | 58.00 | 358.46 | 416.46 | OK | |
r-devel-windows-x86_64 | 1.1.6 | 26.00 | 193.00 | 219.00 | OK | |
r-patched-linux-x86_64 | 1.1.6 | 23.15 | 228.26 | 251.41 | OK | |
r-release-linux-x86_64 | 1.1.6 | 22.03 | 225.45 | 247.48 | OK | |
r-release-macos-arm64 | 1.1.6 | 11.00 | 108.00 | 119.00 | OK | |
r-release-macos-x86_64 | 1.1.6 | 24.00 | 209.00 | 233.00 | OK | |
r-release-windows-x86_64 | 1.1.6 | 25.00 | 196.00 | 221.00 | OK | |
r-oldrel-macos-arm64 | 1.1.6 | 10.00 | 83.00 | 93.00 | OK | |
r-oldrel-macos-x86_64 | 1.1.6 | 16.00 | 132.00 | 148.00 | OK | |
r-oldrel-windows-x86_64 | 1.1.6 | 35.00 | 283.00 | 318.00 | OK |
Version: 1.1.6
Check: CRAN incoming feasibility
Result: NOTE
Maintainer: ‘Javier Martinez-Lopez <javi.martinez.lopez@gmail.com>’
No Authors@R field in DESCRIPTION.
Please add one, modifying
Authors@R: c(person(given = "Javier",
family = "Martinez-Lopez",
role = c("aut", "cre"),
email = "javi.martinez.lopez@gmail.com"),
person(given = "Babak",
family = "Naimi",
role = "aut",
email = "naimi.b@gmail.com"),
person(given = "Julia",
family = "Martinez-Fernandez",
role = "aut",
email = "juliamf@um.es"))
as necessary.
Flavors: r-devel-linux-x86_64-debian-clang, r-devel-linux-x86_64-debian-gcc