Last updated on 2025-10-25 01:51:17 CEST.
| Flavor | Version | Tinstall | Tcheck | Ttotal | Status | Flags |
|---|---|---|---|---|---|---|
| r-devel-linux-x86_64-debian-clang | 2.0.0 | 2.71 | 28.59 | 31.30 | OK | |
| r-devel-linux-x86_64-debian-gcc | 2.0.0 | 1.97 | 23.36 | 25.33 | OK | |
| r-devel-linux-x86_64-fedora-clang | 2.0.0 | 12.00 | 33.66 | 45.66 | NOTE | |
| r-devel-linux-x86_64-fedora-gcc | 2.0.0 | 41.84 | NOTE | |||
| r-devel-windows-x86_64 | 2.0.0 | 6.00 | 50.00 | 56.00 | OK | |
| r-patched-linux-x86_64 | 2.0.0 | 2.50 | 25.89 | 28.39 | OK | |
| r-release-linux-x86_64 | 2.0.0 | 2.58 | 26.14 | 28.72 | OK | |
| r-release-macos-arm64 | 2.0.0 | 1.00 | 17.00 | 18.00 | OK | |
| r-release-macos-x86_64 | 2.0.0 | 2.00 | 30.00 | 32.00 | OK | |
| r-release-windows-x86_64 | 2.0.0 | 5.00 | 52.00 | 57.00 | OK | |
| r-oldrel-macos-arm64 | 2.0.0 | 1.00 | 17.00 | 18.00 | OK | |
| r-oldrel-macos-x86_64 | 2.0.0 | 2.00 | 25.00 | 27.00 | OK | |
| r-oldrel-windows-x86_64 | 2.0.0 | 6.00 | 57.00 | 63.00 | OK |
Version: 2.0.0
Check: dependencies in R code
Result: NOTE
Namespaces in Imports field not imported from:
‘glue’ ‘httptest’
All declared Imports should be used.
Flavors: r-devel-linux-x86_64-fedora-clang, r-devel-linux-x86_64-fedora-gcc