CRAN Package Check Results for Package ssmodels

Last updated on 2025-05-01 01:49:48 CEST.

Flavor Version Tinstall Tcheck Ttotal Status Flags
r-devel-linux-x86_64-debian-clang 1.0.1 4.67 162.45 167.12 NOTE
r-devel-linux-x86_64-debian-gcc 1.0.1 3.10 116.01 119.11 OK
r-devel-linux-x86_64-fedora-clang 1.0.1 273.93 OK
r-devel-linux-x86_64-fedora-gcc 1.0.1 295.45 OK
r-devel-windows-x86_64 1.0.1 6.00 237.00 243.00 OK
r-patched-linux-x86_64 1.0.1 5.88 155.44 161.32 OK
r-release-linux-x86_64 1.0.1 4.26 154.86 159.12 OK
r-release-macos-arm64 1.0.1 144.00 OK
r-release-macos-x86_64 1.0.1 224.00 OK
r-release-windows-x86_64 1.0.1 8.00 249.00 257.00 OK
r-oldrel-macos-arm64 1.0.1 88.00 OK
r-oldrel-macos-x86_64 1.0.1 163.00 OK
r-oldrel-windows-x86_64 1.0.1 9.00 278.00 287.00 OK

Check Details

Version: 1.0.1
Check: examples
Result: NOTE Examples with CPU (user + system) or elapsed time > 5s user system elapsed RandHIE 4.841 0.321 7.184 Mroz87 4.980 0.013 6.429 Flavor: r-devel-linux-x86_64-debian-clang

Version: 1.0.1
Check: examples
Result: NA user system elapsed RandHIE 3.903 0.237 5.471 OK Flavor: r-devel-linux-x86_64-debian-gcc