CRAN Package Check Results for Package survML

Last updated on 2025-04-30 02:50:54 CEST.

Flavor Version Tinstall Tcheck Ttotal Status Flags
r-devel-linux-x86_64-debian-clang 1.2.0 4.16 376.56 380.72 NOTE
r-devel-linux-x86_64-debian-gcc 1.2.0 3.60 225.87 229.47 OK
r-devel-linux-x86_64-fedora-clang 1.2.0 631.01 OK
r-devel-linux-x86_64-fedora-gcc 1.2.0 612.57 OK
r-devel-windows-x86_64 1.2.0 10.00 374.00 384.00 OK
r-patched-linux-x86_64 1.2.0 6.78 352.40 359.18 OK
r-release-linux-x86_64 1.2.0 6.32 350.39 356.71 OK
r-release-macos-arm64 1.2.0 144.00 OK
r-release-macos-x86_64 1.2.0 358.00 OK
r-release-windows-x86_64 1.2.0 7.00 369.00 376.00 OK
r-oldrel-macos-arm64 1.2.0 169.00 OK
r-oldrel-macos-x86_64 1.2.0 239.00 OK
r-oldrel-windows-x86_64 1.2.0 10.00 499.00 509.00 OK

Check Details

Version: 1.2.0
Check: examples
Result: NOTE Examples with CPU (user + system) or elapsed time > 5s user system elapsed vim 5.647 0.023 6.505 predict.stackG 4.883 0.020 6.157 Flavor: r-devel-linux-x86_64-debian-clang