CRAN Package Check Results for Package svrpath

Last updated on 2025-04-16 02:50:44 CEST.

Flavor Version Tinstall Tcheck Ttotal Status Flags
r-devel-linux-x86_64-debian-clang 0.1.2 4.63 40.34 44.97 OK
r-devel-linux-x86_64-debian-gcc 0.1.2 4.25 28.92 33.17 OK
r-devel-linux-x86_64-fedora-clang 0.1.2 72.42 OK
r-devel-linux-x86_64-fedora-gcc 0.1.2 69.40 OK
r-devel-windows-x86_64 0.1.2 7.00 125.00 132.00 OK
r-patched-linux-x86_64 0.1.2 4.79 37.92 42.71 OK
r-release-linux-x86_64 0.1.2 4.97 38.29 43.26 OK
r-release-macos-arm64 0.1.2 23.00 OK
r-release-macos-x86_64 0.1.2 41.00 OK
r-release-windows-x86_64 0.1.2 5.00 58.00 63.00 OK
r-oldrel-macos-arm64 0.1.2 22.00 NOTE
r-oldrel-macos-x86_64 0.1.2 33.00 NOTE
r-oldrel-windows-x86_64 0.1.2 5.00 54.00 59.00 NOTE

Additional issues

donttest

Check Details

Version: 0.1.2
Check: LazyData
Result: NOTE 'LazyData' is specified without a 'data' directory Flavors: r-oldrel-macos-arm64, r-oldrel-macos-x86_64, r-oldrel-windows-x86_64