Last updated on 2025-04-29 01:49:49 CEST.
Flavor | Version | Tinstall | Tcheck | Ttotal | Status | Flags |
---|---|---|---|---|---|---|
r-devel-linux-x86_64-debian-clang | 0.9-1 | 11.52 | 212.31 | 223.83 | OK | |
r-devel-linux-x86_64-debian-gcc | 0.9-1 | 8.19 | 144.54 | 152.73 | NOTE | |
r-devel-linux-x86_64-fedora-clang | 0.9-1 | 352.34 | OK | |||
r-devel-linux-x86_64-fedora-gcc | 0.9-1 | 346.96 | OK | |||
r-devel-windows-x86_64 | 0.9-1 | 14.00 | 314.00 | 328.00 | OK | |
r-patched-linux-x86_64 | 0.9-1 | 13.10 | 204.49 | 217.59 | OK | |
r-release-linux-x86_64 | 0.9-1 | 8.96 | 206.31 | 215.27 | OK | |
r-release-macos-arm64 | 0.9-1 | 97.00 | OK | |||
r-release-macos-x86_64 | 0.9-1 | 186.00 | OK | |||
r-release-windows-x86_64 | 0.9-1 | 14.00 | 299.00 | 313.00 | OK | |
r-oldrel-macos-arm64 | 0.9-1 | 89.00 | OK | |||
r-oldrel-macos-x86_64 | 0.9-1 | 147.00 | OK | |||
r-oldrel-windows-x86_64 | 0.9-1 | 18.00 | 337.00 | 355.00 | OK |
Version: 0.9-1
Check: examples
Result: NOTE
Examples with CPU (user + system) or elapsed time > 5s
user system elapsed
textTable.xtable 3.893 0.083 5.213
Flavor: r-devel-linux-x86_64-debian-gcc