Last updated on 2025-10-17 02:50:41 CEST.
Flavor | Version | Tinstall | Tcheck | Ttotal | Status | Flags |
---|---|---|---|---|---|---|
r-devel-linux-x86_64-debian-clang | 0.1.1 | 8.36 | 69.35 | 77.71 | OK | |
r-devel-linux-x86_64-debian-gcc | 0.1.1 | 5.99 | 49.58 | 55.57 | OK | |
r-devel-linux-x86_64-fedora-clang | 0.1.1 | 128.38 | NOTE | |||
r-devel-linux-x86_64-fedora-gcc | 0.1.1 | 125.91 | NOTE | |||
r-devel-windows-x86_64 | 0.1.1 | 9.00 | 78.00 | 87.00 | OK | |
r-patched-linux-x86_64 | 0.1.1 | 7.40 | 64.95 | 72.35 | OK | |
r-release-linux-x86_64 | 0.1.1 | 7.29 | 64.39 | 71.68 | OK | |
r-release-macos-arm64 | 0.1.1 | 42.00 | OK | |||
r-release-macos-x86_64 | 0.1.1 | 63.00 | OK | |||
r-release-windows-x86_64 | 0.1.1 | 10.00 | 80.00 | 90.00 | OK | |
r-oldrel-macos-arm64 | 0.1.1 | 35.00 | NOTE | |||
r-oldrel-macos-x86_64 | 0.1.1 | 54.00 | NOTE | |||
r-oldrel-windows-x86_64 | 0.1.1 | 14.00 | 97.00 | 111.00 | NOTE |
Version: 0.1.1
Check: dependencies in R code
Result: NOTE
Namespaces in Imports field not imported from:
‘drat’ ‘plyr’
All declared Imports should be used.
Flavors: r-devel-linux-x86_64-fedora-clang, r-devel-linux-x86_64-fedora-gcc
Version: 0.1.1
Check: package dependencies
Result: NOTE
Package suggested but not available for checking: ‘tashudata’
Flavors: r-oldrel-macos-arm64, r-oldrel-macos-x86_64, r-oldrel-windows-x86_64
Version: 0.1.1
Check: LazyData
Result: NOTE
'LazyData' is specified without a 'data' directory
Flavors: r-oldrel-macos-arm64, r-oldrel-macos-x86_64, r-oldrel-windows-x86_64