CRAN Package Check Results for Package teal.slice

Last updated on 2025-05-01 01:49:49 CEST.

Flavor Version Tinstall Tcheck Ttotal Status Flags
r-devel-linux-x86_64-debian-clang 0.6.0 22.00 168.69 190.69 NOTE
r-devel-linux-x86_64-debian-gcc 0.6.0 11.42 116.53 127.95 OK
r-devel-linux-x86_64-fedora-clang 0.6.0 305.74 OK
r-devel-linux-x86_64-fedora-gcc 0.6.0 308.55 OK
r-devel-windows-x86_64 0.6.0 21.00 204.00 225.00 OK
r-patched-linux-x86_64 0.6.0 24.06 158.70 182.76 OK
r-release-linux-x86_64 0.6.0 21.00 157.26 178.26 OK
r-release-macos-arm64 0.6.0 87.00 OK
r-release-macos-x86_64 0.6.0 205.00 OK
r-release-windows-x86_64 0.6.0 22.00 210.00 232.00 OK
r-oldrel-macos-arm64 0.6.0 85.00 OK
r-oldrel-macos-x86_64 0.6.0 190.00 OK
r-oldrel-windows-x86_64 0.6.0 27.00 246.00 273.00 OK

Check Details

Version: 0.6.0
Check: examples
Result: NOTE Examples with CPU (user + system) or elapsed time > 5s user system elapsed FilteredData 10.524 0.731 13.59 Flavor: r-devel-linux-x86_64-debian-clang

Version: 0.6.0
Check: examples
Result: NA user system elapsed FilteredData 7.52 0.522 8.736 OK Flavor: r-devel-linux-x86_64-debian-gcc