Last updated on 2025-04-30 01:50:39 CEST.
Flavor | Version | Tinstall | Tcheck | Ttotal | Status | Flags |
---|---|---|---|---|---|---|
r-devel-linux-x86_64-debian-clang | 0.9.1 | 18.96 | 134.07 | 153.03 | OK | |
r-devel-linux-x86_64-debian-gcc | 0.9.1 | 11.56 | 89.81 | 101.37 | OK | |
r-devel-linux-x86_64-fedora-clang | 0.9.1 | 217.21 | OK | |||
r-devel-linux-x86_64-fedora-gcc | 0.9.1 | 211.32 | OK | |||
r-devel-windows-x86_64 | 0.9.1 | 18.00 | 137.00 | 155.00 | OK | |
r-patched-linux-x86_64 | 0.9.1 | 17.26 | 121.92 | 139.18 | OK | |
r-release-linux-x86_64 | 0.9.1 | 17.00 | 122.52 | 139.52 | OK | |
r-release-macos-arm64 | 0.9.1 | 69.00 | OK | |||
r-release-macos-x86_64 | 0.9.1 | 110.00 | OK | |||
r-release-windows-x86_64 | 0.9.1 | 19.00 | 136.00 | 155.00 | OK | |
r-oldrel-macos-arm64 | 0.9.1 | 62.00 | NOTE | |||
r-oldrel-macos-x86_64 | 0.9.1 | 135.00 | NOTE | |||
r-oldrel-windows-x86_64 | 0.9.1 | 25.00 | 165.00 | 190.00 | OK |
Version: 0.9.1
Check: package dependencies
Result: NOTE
Package suggested but not available for checking: ‘INLA’
Flavors: r-oldrel-macos-arm64, r-oldrel-macos-x86_64