Last updated on 2025-05-02 01:52:27 CEST.
Flavor | Version | Tinstall | Tcheck | Ttotal | Status | Flags |
---|---|---|---|---|---|---|
r-devel-linux-x86_64-debian-clang | 2.4.9 | 25.21 | 106.16 | 131.37 | NOTE | |
r-devel-linux-x86_64-debian-gcc | 2.4.9 | 19.70 | 71.43 | 91.13 | OK | |
r-devel-linux-x86_64-fedora-clang | 2.4.9 | 228.04 | OK | |||
r-devel-linux-x86_64-fedora-gcc | 2.4.9 | 208.50 | OK | |||
r-devel-windows-x86_64 | 2.4.9 | 33.00 | 138.00 | 171.00 | OK | |
r-patched-linux-x86_64 | 2.4.9 | 27.94 | 100.12 | 128.06 | OK | |
r-release-linux-x86_64 | OK | |||||
r-release-macos-arm64 | 2.4.9 | 58.00 | OK | |||
r-release-macos-x86_64 | 2.4.9 | 117.00 | OK | |||
r-release-windows-x86_64 | 2.4.9 | 34.00 | 133.00 | 167.00 | OK | |
r-oldrel-macos-arm64 | 2.4.9 | 57.00 | OK | |||
r-oldrel-macos-x86_64 | 2.4.9 | 87.00 | OK | |||
r-oldrel-windows-x86_64 | 2.4.9 | 40.00 | 170.00 | 210.00 | OK |
Version: 2.4.9
Check: examples
Result: NOTE
Examples with CPU (user + system) or elapsed time > 5s
user system elapsed
texmex-package 3.811 0.055 5.381
Flavor: r-devel-linux-x86_64-debian-clang